{"id":8121,"date":"2026-04-19T16:25:34","date_gmt":"2026-04-19T14:25:34","guid":{"rendered":"https:\/\/www.woll-gefuehl.de\/blog\/?page_id=8121"},"modified":"2026-04-19T16:29:16","modified_gmt":"2026-04-19T14:29:16","slug":"online-shop","status":"publish","type":"page","link":"http:\/\/www.woll-gefuehl.de\/blog\/?page_id=8121","title":{"rendered":"Online-Shop"},"content":{"rendered":"\n<p><a href=\"https:\/\/wollgefuehl-shop.de\/\" data-type=\"link\" data-id=\"https:\/\/wollgefuehl-shop.de\/\" target=\"_blank\" rel=\"noreferrer noopener\">Zum Shop<\/a> &#8211; hier bekommst du einen \u00dcberblick \u00fcber die gro\u00dfe Auswahl an exklusiven Garnen und Zubeh\u00f6r ausgew\u00e4hlter Hersteller, wie Atelier Zitron, Rohrspatz &amp; Wollmeise, Geilsk, Malabrigo, addi, KnitPro und Lykke, um nur einige zu nennen.<\/p>\n\n\n\n<p>Wir f\u00fchren das gesamte Sortiment der Firma Atelier Zitron, der Marktf\u00fchrer, wenn es um die Herstellung hochwertiger Garne geht.<\/p>\n\n\n\n<p>Nat\u00fcrliche Fasern, behutsame Behandlung des Rohmaterials und umweltsensible F\u00e4rbungen sorgen sorgen daf\u00fcr, dass die Garne von Atelier Zitron h\u00f6chste Anspr\u00fcche an Gesundheit und Tragekomfort erf\u00fcllen.<\/p>\n\n\n\n<p>Aber f\u00fchlen sie selbst, wie faszinierend hochwertige Handstrickgarne sein k\u00f6nnen. Denn nur das beste Material garantiert, dass die eigenen Strickideen ad\u00e4quat umgesetzt werden k\u00f6nnen.<\/p>\n\n\n\n<p>Sollten sie Probleme oder Fragen haben, dann wenden sie sich vertrauensvoll an uns &#8211; wir helfen gerne weiter<\/p>\n\n\n\n<p>Ihr Team vom Wollgef\u00fchl &#8211; Wolle und mehr<\/p>\n\n\n\n<p><\/p>\n","protected":false},"excerpt":{"rendered":"<p>Zum Shop &#8211; hier bekommst du einen \u00dcberblick \u00fcber die gro\u00dfe Auswahl an exklusiven Garnen und Zubeh\u00f6r ausgew\u00e4hlter Hersteller, wie Atelier Zitron, Rohrspatz &amp; Wollmeise, Geilsk, Malabrigo, addi, KnitPro und Lykke, um nur einige zu nennen. Wir f\u00fchren das gesamte &hellip; <a href=\"http:\/\/www.woll-gefuehl.de\/blog\/?page_id=8121\">Weiterlesen <span class=\"meta-nav\">&rarr;<\/span><\/a><\/p>\n","protected":false},"author":1,"featured_media":0,"parent":0,"menu_order":0,"comment_status":"closed","ping_status":"closed","template":"","meta":{"footnotes":""},"class_list":["post-8121","page","type-page","status-publish","hentry"],"_links":{"self":[{"href":"http:\/\/www.woll-gefuehl.de\/blog\/index.php?rest_route=\/wp\/v2\/pages\/8121","targetHints":{"allow":["GET"]}}],"collection":[{"href":"http:\/\/www.woll-gefuehl.de\/blog\/index.php?rest_route=\/wp\/v2\/pages"}],"about":[{"href":"http:\/\/www.woll-gefuehl.de\/blog\/index.php?rest_route=\/wp\/v2\/types\/page"}],"author":[{"embeddable":true,"href":"http:\/\/www.woll-gefuehl.de\/blog\/index.php?rest_route=\/wp\/v2\/users\/1"}],"replies":[{"embeddable":true,"href":"http:\/\/www.woll-gefuehl.de\/blog\/index.php?rest_route=%2Fwp%2Fv2%2Fcomments&post=8121"}],"version-history":[{"count":2,"href":"http:\/\/www.woll-gefuehl.de\/blog\/index.php?rest_route=\/wp\/v2\/pages\/8121\/revisions"}],"predecessor-version":[{"id":8124,"href":"http:\/\/www.woll-gefuehl.de\/blog\/index.php?rest_route=\/wp\/v2\/pages\/8121\/revisions\/8124"}],"wp:attachment":[{"href":"http:\/\/www.woll-gefuehl.de\/blog\/index.php?rest_route=%2Fwp%2Fv2%2Fmedia&parent=8121"}],"curies":[{"name":"wp","href":"https:\/\/api.w.org\/{rel}","templated":true}]}}